
{"id":43,"date":"2020-07-01T02:20:45","date_gmt":"2020-07-01T00:20:45","guid":{"rendered":"http:\/\/orfebreriacristobalmartos.com\/?page_id=43"},"modified":"2020-07-06T15:46:03","modified_gmt":"2020-07-06T13:46:03","slug":"inicio","status":"publish","type":"page","link":"http:\/\/orfebreriacristobalmartos.com\/","title":{"rendered":"Inicio"},"content":{"rendered":"<div id=\"pl-gb43-69f4268be88b7\"  class=\"panel-layout\" ><div id=\"pg-gb43-69f4268be88b7-0\"  class=\"panel-grid panel-has-style\" ><div class=\"panel-row-style panel-row-style-for-gb43-69f4268be88b7-0\" ><div id=\"pgc-gb43-69f4268be88b7-0-0\"  class=\"panel-grid-cell\" ><div id=\"panel-gb43-69f4268be88b7-0-0-0\" class=\"so-panel widget widget_sow-editor panel-first-child panel-last-child\" data-index=\"0\" ><div class=\"panel-widget-style panel-widget-style-for-gb43-69f4268be88b7-0-0-0\" ><div\n\t\t\t\n\t\t\tclass=\"so-widget-sow-editor so-widget-sow-editor-base\"\n\t\t\t\n\t\t><h3 class=\"widget-title\">Nuestra Historia<\/h3>\n<div class=\"siteorigin-widget-tinymce textwidget\">\n\t<p>Orfebrer\u00eda Cristobal Martos S.L. fundada hace m\u00e1s de 40 a\u00f1os por D. Crist\u00f3bal Martos Mu\u00f1oz, nacido en Lucena (C\u00f3rdoba) en 1954. <a href=\"http:\/\/orfebreriacristobalmartos.com\/wp-content\/uploads\/2020\/07\/trono.jpg\"><img loading=\"lazy\" decoding=\"async\" class=\"alignright wp-image-262 size-full\" src=\"http:\/\/orfebreriacristobalmartos.com\/wp-content\/uploads\/2020\/07\/trono.jpg\" alt=\"\" width=\"984\" height=\"751\" srcset=\"http:\/\/orfebreriacristobalmartos.com\/wp-content\/uploads\/2020\/07\/trono.jpg 984w, http:\/\/orfebreriacristobalmartos.com\/wp-content\/uploads\/2020\/07\/trono-300x229.jpg 300w, http:\/\/orfebreriacristobalmartos.com\/wp-content\/uploads\/2020\/07\/trono-768x586.jpg 768w, http:\/\/orfebreriacristobalmartos.com\/wp-content\/uploads\/2020\/07\/trono-212x162.jpg 212w\" sizes=\"(max-width: 984px) 100vw, 984px\" \/><\/a><br \/>\nDesde peque\u00f1o comenz\u00f3 a aprender la labor con su t\u00edo, con el que fue adquiriendo sus conocimientos para llevar a cabo esta profesi\u00f3n orfebre que tanto le apasiona.<\/p>\n<p>Tras conocer todas las t\u00e9cnicas del repujado y cincelado de piezas, decide trasladarse a la ciudad de M\u00e1laga, en la cual mont\u00f3 su primer taller de Orfebrer\u00eda en C\/L\u00f3pez Blanco, n\u00ba 9. Aqu\u00ed fue donde comenz\u00f3 su aventura como orfebre y donde se gan\u00f3, gracias a sus trabajos y dedicaci\u00f3n a los mismos, la confianza de Cofrad\u00edas y Hermandades de todas las provincias y, m\u00e1s tarde, de fuera de Andaluc\u00eda.<\/p>\n<p>A \u00e9l se uni\u00f3 su hermano D. Antonio Martos, el cual aprendi\u00f3 este gran oficio.<br \/>\nA\u00f1os m\u00e1s tarde, viendo c\u00f3mo el negocio se quedaba peque\u00f1o, se tuvieron que trasladar a una nave m\u00e1s grande en C\/Nal\u00f3n, n\u00ba 12 (lugar donde se encuentran en la actualidad), ya que sus trabajos eran m\u00e1s numerosos y voluminosos.<\/p>\n<p>Posteriormente, aprendieron el oficio sus hijos: D. Jos\u00e9 Carlos Martos Lozano y Do\u00f1a Nuria Martos Lozano, los cuales, en la actualidad, se encuentran dedicados a este gran oficio y han ido tomando las riendas art\u00edsticas y laborales de esta empresa artesana.<\/p>\n<p>Han sido numerosas las Cofrad\u00edas, Hermandades, Parroquias y asociaciones que han confiado siempre en nuestros trabajos, ya que se basan en elaborar de forma artesanal y cuidando cada proceso para conseguir el mejor acabado.<\/p>\n<\/div>\n<\/div><\/div><\/div><\/div><\/div><\/div><\/div>","protected":false},"excerpt":{"rendered":"<p>Orfebrer\u00eda Cristobal Martos S.L. fundada hace m\u00e1s de 40 a\u00f1os por D. Crist\u00f3bal Martos Mu\u00f1oz, nacido en Lucena (C\u00f3rdoba) en<\/p>\n<div class=\"read-button read_more_btn_text\"><a class=\"read_more\" href=\"http:\/\/orfebreriacristobalmartos.com\/\">Read Now<span class=\"arrow_readm\"> &#x25BA;<\/span><\/a><\/div>\n","protected":false},"author":1,"featured_media":0,"parent":0,"menu_order":0,"comment_status":"closed","ping_status":"closed","template":"","meta":{"footnotes":""},"class_list":["post-43","page","type-page","status-publish","hentry"],"yoast_head":"<!-- This site is optimized with the Yoast SEO plugin v25.6 - https:\/\/yoast.com\/wordpress\/plugins\/seo\/ -->\n<title>Inicio - Orfebreria Cristobal Martos<\/title>\n<meta name=\"description\" content=\"A\u00f1os de experiencia y pasi\u00f3n por el arte nos avalan. En Taller Orfebrer\u00eda Cristobal Martos cuidamos del detalle. Ba\u00f1os de niquelado oro y plateados.\" \/>\n<meta name=\"robots\" content=\"index, follow, max-snippet:-1, max-image-preview:large, max-video-preview:-1\" \/>\n<link rel=\"canonical\" href=\"https:\/\/orfebreriacristobalmartos.com\/\" \/>\n<meta property=\"og:locale\" content=\"es_ES\" \/>\n<meta property=\"og:type\" content=\"article\" \/>\n<meta property=\"og:title\" content=\"Inicio - Orfebreria Cristobal Martos\" \/>\n<meta property=\"og:description\" content=\"A\u00f1os de experiencia y pasi\u00f3n por el arte nos avalan. En Taller Orfebrer\u00eda Cristobal Martos cuidamos del detalle. Ba\u00f1os de niquelado oro y plateados.\" \/>\n<meta property=\"og:url\" content=\"https:\/\/orfebreriacristobalmartos.com\/\" \/>\n<meta property=\"og:site_name\" content=\"Orfebreria Cristobal Martos\" \/>\n<meta property=\"article:modified_time\" content=\"2020-07-06T13:46:03+00:00\" \/>\n<meta property=\"og:image\" content=\"http:\/\/orfebreriacristobalmartos.com\/wp-content\/uploads\/2020\/07\/trono.jpg\" \/>\n<meta name=\"twitter:card\" content=\"summary_large_image\" \/>\n<meta name=\"twitter:label1\" content=\"Tiempo de lectura\" \/>\n\t<meta name=\"twitter:data1\" content=\"1 minuto\" \/>\n<script type=\"application\/ld+json\" class=\"yoast-schema-graph\">{\"@context\":\"https:\/\/schema.org\",\"@graph\":[{\"@type\":\"WebPage\",\"@id\":\"https:\/\/orfebreriacristobalmartos.com\/\",\"url\":\"https:\/\/orfebreriacristobalmartos.com\/\",\"name\":\"Inicio - Orfebreria Cristobal Martos\",\"isPartOf\":{\"@id\":\"https:\/\/orfebreriacristobalmartos.com\/#website\"},\"primaryImageOfPage\":{\"@id\":\"https:\/\/orfebreriacristobalmartos.com\/#primaryimage\"},\"image\":{\"@id\":\"https:\/\/orfebreriacristobalmartos.com\/#primaryimage\"},\"thumbnailUrl\":\"http:\/\/orfebreriacristobalmartos.com\/wp-content\/uploads\/2020\/07\/trono.jpg\",\"datePublished\":\"2020-07-01T00:20:45+00:00\",\"dateModified\":\"2020-07-06T13:46:03+00:00\",\"description\":\"A\u00f1os de experiencia y pasi\u00f3n por el arte nos avalan. En Taller Orfebrer\u00eda Cristobal Martos cuidamos del detalle. Ba\u00f1os de niquelado oro y plateados.\",\"breadcrumb\":{\"@id\":\"https:\/\/orfebreriacristobalmartos.com\/#breadcrumb\"},\"inLanguage\":\"es\",\"potentialAction\":[{\"@type\":\"ReadAction\",\"target\":[\"https:\/\/orfebreriacristobalmartos.com\/\"]}]},{\"@type\":\"ImageObject\",\"inLanguage\":\"es\",\"@id\":\"https:\/\/orfebreriacristobalmartos.com\/#primaryimage\",\"url\":\"http:\/\/orfebreriacristobalmartos.com\/wp-content\/uploads\/2020\/07\/trono.jpg\",\"contentUrl\":\"http:\/\/orfebreriacristobalmartos.com\/wp-content\/uploads\/2020\/07\/trono.jpg\"},{\"@type\":\"BreadcrumbList\",\"@id\":\"https:\/\/orfebreriacristobalmartos.com\/#breadcrumb\",\"itemListElement\":[{\"@type\":\"ListItem\",\"position\":1,\"name\":\"Portada\",\"item\":\"https:\/\/orfebreriacristobalmartos.com\/\"},{\"@type\":\"ListItem\",\"position\":2,\"name\":\"Inicio\"}]},{\"@type\":\"WebSite\",\"@id\":\"https:\/\/orfebreriacristobalmartos.com\/#website\",\"url\":\"https:\/\/orfebreriacristobalmartos.com\/\",\"name\":\"Orfebreria Cristobal Martos\",\"description\":\"Trabajos Religiosos\",\"publisher\":{\"@id\":\"https:\/\/orfebreriacristobalmartos.com\/#organization\"},\"potentialAction\":[{\"@type\":\"SearchAction\",\"target\":{\"@type\":\"EntryPoint\",\"urlTemplate\":\"https:\/\/orfebreriacristobalmartos.com\/?s={search_term_string}\"},\"query-input\":{\"@type\":\"PropertyValueSpecification\",\"valueRequired\":true,\"valueName\":\"search_term_string\"}}],\"inLanguage\":\"es\"},{\"@type\":\"Organization\",\"@id\":\"https:\/\/orfebreriacristobalmartos.com\/#organization\",\"name\":\"Orfebrer\u00eda Cristobal Martos S.L.\",\"url\":\"https:\/\/orfebreriacristobalmartos.com\/\",\"logo\":{\"@type\":\"ImageObject\",\"inLanguage\":\"es\",\"@id\":\"https:\/\/orfebreriacristobalmartos.com\/#\/schema\/logo\/image\/\",\"url\":\"https:\/\/orfebreriacristobalmartos.com\/wp-content\/uploads\/2020\/07\/logo.jpg\",\"contentUrl\":\"https:\/\/orfebreriacristobalmartos.com\/wp-content\/uploads\/2020\/07\/logo.jpg\",\"width\":670,\"height\":361,\"caption\":\"Orfebrer\u00eda Cristobal Martos S.L.\"},\"image\":{\"@id\":\"https:\/\/orfebreriacristobalmartos.com\/#\/schema\/logo\/image\/\"}}]}<\/script>\n<!-- \/ Yoast SEO plugin. -->","yoast_head_json":{"title":"Inicio - Orfebreria Cristobal Martos","description":"A\u00f1os de experiencia y pasi\u00f3n por el arte nos avalan. En Taller Orfebrer\u00eda Cristobal Martos cuidamos del detalle. Ba\u00f1os de niquelado oro y plateados.","robots":{"index":"index","follow":"follow","max-snippet":"max-snippet:-1","max-image-preview":"max-image-preview:large","max-video-preview":"max-video-preview:-1"},"canonical":"https:\/\/orfebreriacristobalmartos.com\/","og_locale":"es_ES","og_type":"article","og_title":"Inicio - Orfebreria Cristobal Martos","og_description":"A\u00f1os de experiencia y pasi\u00f3n por el arte nos avalan. En Taller Orfebrer\u00eda Cristobal Martos cuidamos del detalle. Ba\u00f1os de niquelado oro y plateados.","og_url":"https:\/\/orfebreriacristobalmartos.com\/","og_site_name":"Orfebreria Cristobal Martos","article_modified_time":"2020-07-06T13:46:03+00:00","og_image":[{"url":"http:\/\/orfebreriacristobalmartos.com\/wp-content\/uploads\/2020\/07\/trono.jpg","type":"","width":"","height":""}],"twitter_card":"summary_large_image","twitter_misc":{"Tiempo de lectura":"1 minuto"},"schema":{"@context":"https:\/\/schema.org","@graph":[{"@type":"WebPage","@id":"https:\/\/orfebreriacristobalmartos.com\/","url":"https:\/\/orfebreriacristobalmartos.com\/","name":"Inicio - Orfebreria Cristobal Martos","isPartOf":{"@id":"https:\/\/orfebreriacristobalmartos.com\/#website"},"primaryImageOfPage":{"@id":"https:\/\/orfebreriacristobalmartos.com\/#primaryimage"},"image":{"@id":"https:\/\/orfebreriacristobalmartos.com\/#primaryimage"},"thumbnailUrl":"http:\/\/orfebreriacristobalmartos.com\/wp-content\/uploads\/2020\/07\/trono.jpg","datePublished":"2020-07-01T00:20:45+00:00","dateModified":"2020-07-06T13:46:03+00:00","description":"A\u00f1os de experiencia y pasi\u00f3n por el arte nos avalan. En Taller Orfebrer\u00eda Cristobal Martos cuidamos del detalle. Ba\u00f1os de niquelado oro y plateados.","breadcrumb":{"@id":"https:\/\/orfebreriacristobalmartos.com\/#breadcrumb"},"inLanguage":"es","potentialAction":[{"@type":"ReadAction","target":["https:\/\/orfebreriacristobalmartos.com\/"]}]},{"@type":"ImageObject","inLanguage":"es","@id":"https:\/\/orfebreriacristobalmartos.com\/#primaryimage","url":"http:\/\/orfebreriacristobalmartos.com\/wp-content\/uploads\/2020\/07\/trono.jpg","contentUrl":"http:\/\/orfebreriacristobalmartos.com\/wp-content\/uploads\/2020\/07\/trono.jpg"},{"@type":"BreadcrumbList","@id":"https:\/\/orfebreriacristobalmartos.com\/#breadcrumb","itemListElement":[{"@type":"ListItem","position":1,"name":"Portada","item":"https:\/\/orfebreriacristobalmartos.com\/"},{"@type":"ListItem","position":2,"name":"Inicio"}]},{"@type":"WebSite","@id":"https:\/\/orfebreriacristobalmartos.com\/#website","url":"https:\/\/orfebreriacristobalmartos.com\/","name":"Orfebreria Cristobal Martos","description":"Trabajos Religiosos","publisher":{"@id":"https:\/\/orfebreriacristobalmartos.com\/#organization"},"potentialAction":[{"@type":"SearchAction","target":{"@type":"EntryPoint","urlTemplate":"https:\/\/orfebreriacristobalmartos.com\/?s={search_term_string}"},"query-input":{"@type":"PropertyValueSpecification","valueRequired":true,"valueName":"search_term_string"}}],"inLanguage":"es"},{"@type":"Organization","@id":"https:\/\/orfebreriacristobalmartos.com\/#organization","name":"Orfebrer\u00eda Cristobal Martos S.L.","url":"https:\/\/orfebreriacristobalmartos.com\/","logo":{"@type":"ImageObject","inLanguage":"es","@id":"https:\/\/orfebreriacristobalmartos.com\/#\/schema\/logo\/image\/","url":"https:\/\/orfebreriacristobalmartos.com\/wp-content\/uploads\/2020\/07\/logo.jpg","contentUrl":"https:\/\/orfebreriacristobalmartos.com\/wp-content\/uploads\/2020\/07\/logo.jpg","width":670,"height":361,"caption":"Orfebrer\u00eda Cristobal Martos S.L."},"image":{"@id":"https:\/\/orfebreriacristobalmartos.com\/#\/schema\/logo\/image\/"}}]}},"_links":{"self":[{"href":"http:\/\/orfebreriacristobalmartos.com\/index.php\/wp-json\/wp\/v2\/pages\/43"}],"collection":[{"href":"http:\/\/orfebreriacristobalmartos.com\/index.php\/wp-json\/wp\/v2\/pages"}],"about":[{"href":"http:\/\/orfebreriacristobalmartos.com\/index.php\/wp-json\/wp\/v2\/types\/page"}],"author":[{"embeddable":true,"href":"http:\/\/orfebreriacristobalmartos.com\/index.php\/wp-json\/wp\/v2\/users\/1"}],"replies":[{"embeddable":true,"href":"http:\/\/orfebreriacristobalmartos.com\/index.php\/wp-json\/wp\/v2\/comments?post=43"}],"version-history":[{"count":51,"href":"http:\/\/orfebreriacristobalmartos.com\/index.php\/wp-json\/wp\/v2\/pages\/43\/revisions"}],"predecessor-version":[{"id":378,"href":"http:\/\/orfebreriacristobalmartos.com\/index.php\/wp-json\/wp\/v2\/pages\/43\/revisions\/378"}],"wp:attachment":[{"href":"http:\/\/orfebreriacristobalmartos.com\/index.php\/wp-json\/wp\/v2\/media?parent=43"}],"curies":[{"name":"wp","href":"https:\/\/api.w.org\/{rel}","templated":true}]}}